{"id":578,"date":"2020-05-20T08:28:27","date_gmt":"2020-05-20T08:28:27","guid":{"rendered":"https:\/\/olvafrans.classy.be\/?page_id=578"},"modified":"2020-05-25T07:00:14","modified_gmt":"2020-05-25T07:00:14","slug":"sixieme-semaine-du-25-au-29-mai-2","status":"publish","type":"page","link":"https:\/\/olvafrans.classy.be\/?page_id=578","title":{"rendered":"Sixi\u00e8me semaine: du 25 au 29 mai"},"content":{"rendered":"\n<p>Cette semaine on parle de <strong>musique<\/strong>&#8230;. <\/p>\n\n\n\n<p><\/p>\n\n\n\n<p><\/p>\n\n\n\n<figure class=\"wp-block-image size-large\"><img loading=\"lazy\" decoding=\"async\" width=\"650\" height=\"40\" src=\"https:\/\/olvafrans.classy.be\/wp-content\/uploads\/2020\/04\/divider-Je-suis-styl\u00e9-1.png\" alt=\"\" class=\"wp-image-67\" srcset=\"https:\/\/olvafrans.classy.be\/wp-content\/uploads\/2020\/04\/divider-Je-suis-styl\u00e9-1.png 650w, https:\/\/olvafrans.classy.be\/wp-content\/uploads\/2020\/04\/divider-Je-suis-styl\u00e9-1-300x18.png 300w\" sizes=\"auto, (max-width: 650px) 100vw, 650px\" \/><\/figure>\n\n\n\n<hr class=\"wp-block-separator is-style-wide\"\/>\n\n\n\n<h2 class=\"wp-block-heading\">Le\u00e7on 15<\/h2>\n\n\n\n<p>sujets: voc <strong>musique<\/strong>&#8211; article dans le cahier de travail<\/p>\n\n\n\n<p>Alle info voor deze les vind je <a rel=\"noreferrer noopener\" href=\"https:\/\/olvafrans.classy.be\/?page_id=550\" target=\"_blank\">hier<\/a>. <\/p>\n\n\n\n<figure class=\"wp-block-image size-large\"><img loading=\"lazy\" decoding=\"async\" width=\"650\" height=\"40\" src=\"https:\/\/olvafrans.classy.be\/wp-content\/uploads\/2020\/04\/divider-Je-suis-styl\u00e9-2.png\" alt=\"\" class=\"wp-image-68\" srcset=\"https:\/\/olvafrans.classy.be\/wp-content\/uploads\/2020\/04\/divider-Je-suis-styl\u00e9-2.png 650w, https:\/\/olvafrans.classy.be\/wp-content\/uploads\/2020\/04\/divider-Je-suis-styl\u00e9-2-300x18.png 300w\" sizes=\"auto, (max-width: 650px) 100vw, 650px\" \/><\/figure>\n\n\n\n<h2 class=\"wp-block-heading\">Le\u00e7on 16<\/h2>\n\n\n\n<p>Aujourd&#8217;hui tu ne dois apprendre rien du tout, tout simplement \u00e9couter et surtout <strong>regarder quelques clips vid\u00e9o<\/strong> un peu sp\u00e9ciales.<\/p>\n\n\n\n<p>Alle info voor deze les vind je <a href=\"https:\/\/olvafrans.classy.be\/?page_id=610\" target=\"_blank\" rel=\"noreferrer noopener\">hier<\/a>.<\/p>\n\n\n\n<figure class=\"wp-block-image size-large\"><img loading=\"lazy\" decoding=\"async\" width=\"650\" height=\"40\" src=\"https:\/\/olvafrans.classy.be\/wp-content\/uploads\/2020\/04\/divider-Je-suis-styl\u00e9-1.png\" alt=\"\" class=\"wp-image-67\" srcset=\"https:\/\/olvafrans.classy.be\/wp-content\/uploads\/2020\/04\/divider-Je-suis-styl\u00e9-1.png 650w, https:\/\/olvafrans.classy.be\/wp-content\/uploads\/2020\/04\/divider-Je-suis-styl\u00e9-1-300x18.png 300w\" sizes=\"auto, (max-width: 650px) 100vw, 650px\" \/><\/figure>\n\n\n\n<h2 class=\"wp-block-heading\">Le\u00e7on 17<\/h2>\n\n\n\n<p>sujets: <strong>la musique fran\u00e7aise<\/strong> &#8211; <strong>devoir<\/strong>: parle de ton top trois<\/p>\n\n\n\n<p>Alle info voor deze les vind je <a href=\"https:\/\/olvafrans.classy.be\/?page_id=642\" target=\"_blank\" rel=\"noreferrer noopener\">hier<\/a>. <\/p>\n","protected":false},"excerpt":{"rendered":"<p>Cette semaine on parle de musique&#8230;. Le\u00e7on 15 sujets: voc musique&#8211; article dans le cahier de travail Alle info voor deze les vind je hier. Le\u00e7on 16 Aujourd&#8217;hui tu ne dois apprendre rien du tout, tout simplement \u00e9couter et surtout regarder quelques clips vid\u00e9o un peu sp\u00e9ciales. Alle info voor deze les vind je hier. &hellip; <\/p>\n<p class=\"link-more\"><a href=\"https:\/\/olvafrans.classy.be\/?page_id=578\" class=\"more-link\">Lees verder <span class=\"screen-reader-text\">&#8220;Sixi\u00e8me semaine: du 25 au 29 mai&#8221;<\/span><\/a><\/p>\n","protected":false},"author":1,"featured_media":0,"parent":0,"menu_order":0,"comment_status":"closed","ping_status":"closed","template":"","meta":{"footnotes":""},"class_list":["post-578","page","type-page","status-publish","hentry"],"_links":{"self":[{"href":"https:\/\/olvafrans.classy.be\/index.php?rest_route=\/wp\/v2\/pages\/578","targetHints":{"allow":["GET"]}}],"collection":[{"href":"https:\/\/olvafrans.classy.be\/index.php?rest_route=\/wp\/v2\/pages"}],"about":[{"href":"https:\/\/olvafrans.classy.be\/index.php?rest_route=\/wp\/v2\/types\/page"}],"author":[{"embeddable":true,"href":"https:\/\/olvafrans.classy.be\/index.php?rest_route=\/wp\/v2\/users\/1"}],"replies":[{"embeddable":true,"href":"https:\/\/olvafrans.classy.be\/index.php?rest_route=%2Fwp%2Fv2%2Fcomments&post=578"}],"version-history":[{"count":6,"href":"https:\/\/olvafrans.classy.be\/index.php?rest_route=\/wp\/v2\/pages\/578\/revisions"}],"predecessor-version":[{"id":645,"href":"https:\/\/olvafrans.classy.be\/index.php?rest_route=\/wp\/v2\/pages\/578\/revisions\/645"}],"wp:attachment":[{"href":"https:\/\/olvafrans.classy.be\/index.php?rest_route=%2Fwp%2Fv2%2Fmedia&parent=578"}],"curies":[{"name":"wp","href":"https:\/\/api.w.org\/{rel}","templated":true}]}}