{"id":500,"date":"2020-05-17T20:11:17","date_gmt":"2020-05-17T20:11:17","guid":{"rendered":"https:\/\/olvafrans.classy.be\/?page_id=500"},"modified":"2020-05-18T09:58:44","modified_gmt":"2020-05-18T09:58:44","slug":"lecon-n-13","status":"publish","type":"page","link":"https:\/\/olvafrans.classy.be\/?page_id=500","title":{"rendered":"Le\u00e7on n\u00b0 13"},"content":{"rendered":"\n<figure class=\"wp-block-image size-large\"><img loading=\"lazy\" decoding=\"async\" width=\"850\" height=\"150\" src=\"https:\/\/olvafrans.classy.be\/wp-content\/uploads\/2020\/04\/1.png\" alt=\"\" class=\"wp-image-92\" srcset=\"https:\/\/olvafrans.classy.be\/wp-content\/uploads\/2020\/04\/1.png 850w, https:\/\/olvafrans.classy.be\/wp-content\/uploads\/2020\/04\/1-300x53.png 300w, https:\/\/olvafrans.classy.be\/wp-content\/uploads\/2020\/04\/1-768x136.png 768w\" sizes=\"auto, (max-width: 706px) 89vw, (max-width: 767px) 82vw, 740px\" \/><\/figure>\n\n\n\n<h2 class=\"wp-block-heading\">Cette semaine on regarde l&#8217;<strong>actualit\u00e9<\/strong><\/h2>\n\n\n\n<hr class=\"wp-block-separator is-style-wide\"\/>\n\n\n\n<h2 class=\"wp-block-heading\">Vocabualire de l&#8217;<strong>actualit\u00e9<\/strong> (25 minutes) <\/h2>\n\n\n\n<div class=\"wp-block-image\"><figure class=\"alignleft size-large is-resized\"><img loading=\"lazy\" decoding=\"async\" src=\"https:\/\/olvafrans.classy.be\/wp-content\/uploads\/2020\/04\/Telecommuting-rafiki-1024x1024.png\" alt=\"\" class=\"wp-image-6\" width=\"202\" height=\"202\"\/><\/figure><\/div>\n\n\n\n<p>L&#8217;actualit\u00e9 est celle du corona. Il y a plus de deux mois qu&#8217;on reste chez nous \u00e0 la maison. En France, le &#8216;lockdown&#8217; est appel\u00e9 <strong>confinement<\/strong>. Avant de faire la connaissance avec une fille qui a retrouv\u00e9 la libert\u00e9 de rentrer \u00e0 l&#8217;\u00e9cole, tu apprends un peu de vocabulaire.<\/p>\n\n\n\n<p><span class=\"has-inline-color has-vivid-cyan-blue-color\"><strong>Een weetje<\/strong>: het woord <strong>quarantaine<\/strong> heeft een Franse \/ Italiaanse origine. Je vindt er het woord <strong>quarante<\/strong> in terug &#8211; veertig. Een &#8216;veertigtal&#8217; (dagen afzondering) is <strong>une quarantaine<\/strong> in het Frans. Je ziet meteen de link. Een periode waarin je in isolement zit om andere, gezonde mensen, niet te besmetten. Tof om straks aan tafel te vertellen&#8230;<\/span><\/p>\n\n\n\n<p>Tu retrouves le vocabulaire sur <a rel=\"noreferrer noopener\" href=\"https:\/\/quizlet.com\/142494830\/flashcards\" target=\"_blank\">Quizlet<\/a>. <span class=\"has-inline-color has-vivid-red-color\">C&#8217;est du vocabulaire <strong>\u00e0<\/strong> <strong>conna\u00eetre<\/strong>.<\/span><\/p>\n\n\n\n<p>Si tu veux avoir la liste de voc sur papier, il faut cliquer sur &#8216;afdrukken&#8217;, et puis tu t\u00e9l\u00e9charges le document. Regarde l&#8217;image. <\/p>\n\n\n\n<figure class=\"wp-block-image size-large is-resized\"><img loading=\"lazy\" decoding=\"async\" src=\"https:\/\/olvafrans.classy.be\/wp-content\/uploads\/2020\/05\/2020-05-17_22-32-04-1024x588.jpg\" alt=\"\" class=\"wp-image-523\" width=\"679\" height=\"390\" srcset=\"https:\/\/olvafrans.classy.be\/wp-content\/uploads\/2020\/05\/2020-05-17_22-32-04-1024x588.jpg 1024w, https:\/\/olvafrans.classy.be\/wp-content\/uploads\/2020\/05\/2020-05-17_22-32-04-300x172.jpg 300w, https:\/\/olvafrans.classy.be\/wp-content\/uploads\/2020\/05\/2020-05-17_22-32-04-768x441.jpg 768w, https:\/\/olvafrans.classy.be\/wp-content\/uploads\/2020\/05\/2020-05-17_22-32-04.jpg 1340w\" sizes=\"auto, (max-width: 679px) 100vw, 679px\" \/><\/figure>\n\n\n\n<p>Tu peux aussi retrouver la liste ici.<\/p>\n\n\n\n<div class=\"wp-block-file\"><a href=\"https:\/\/olvafrans.classy.be\/wp-content\/uploads\/2020\/05\/quizlet-L13-Flash-actualit\u00e9.pdf\">quizlet-L13-Flash-actualit\u00e9<\/a><a href=\"https:\/\/olvafrans.classy.be\/wp-content\/uploads\/2020\/05\/quizlet-L13-Flash-actualit\u00e9.pdf\" class=\"wp-block-file__button\" download>Download<\/a><\/div>\n\n\n\n<figure class=\"wp-block-image size-large is-resized is-style-default\"><img loading=\"lazy\" decoding=\"async\" src=\"https:\/\/olvafrans.classy.be\/wp-content\/uploads\/2020\/04\/divider-Je-suis-styl\u00e9-2.png\" alt=\"\" class=\"wp-image-68\" width=\"675\" height=\"41\" srcset=\"https:\/\/olvafrans.classy.be\/wp-content\/uploads\/2020\/04\/divider-Je-suis-styl\u00e9-2.png 650w, https:\/\/olvafrans.classy.be\/wp-content\/uploads\/2020\/04\/divider-Je-suis-styl\u00e9-2-300x18.png 300w\" sizes=\"auto, (max-width: 675px) 100vw, 675px\" \/><\/figure>\n\n\n\n<h2 class=\"wp-block-heading\">Le d\u00e9confinement (25 minutes)<\/h2>\n\n\n\n<div class=\"wp-block-image\"><figure class=\"alignright size-large is-resized\"><img loading=\"lazy\" decoding=\"async\" src=\"https:\/\/olvafrans.classy.be\/wp-content\/uploads\/2020\/05\/2020-05-18_9-33-02.jpg\" alt=\"\" class=\"wp-image-518\" width=\"399\" height=\"383\" srcset=\"https:\/\/olvafrans.classy.be\/wp-content\/uploads\/2020\/05\/2020-05-18_9-33-02.jpg 768w, https:\/\/olvafrans.classy.be\/wp-content\/uploads\/2020\/05\/2020-05-18_9-33-02-300x288.jpg 300w\" sizes=\"auto, (max-width: 399px) 100vw, 399px\" \/><figcaption>C&#8217;est encore trop t\u00f4t pour br\u00fbler (verbranden ) les masques&#8230; Mais un jour \ud83d\ude42<\/figcaption><\/figure><\/div>\n\n\n\n<p>We mogen weer #uitonskot, onder strikte voorwaarden. In Frankrijk heet het versoepelen van de lockdown<strong> <em>le d\u00e9confinement<\/em><\/strong><em>. <\/em><\/p>\n\n\n\n<p>Het voorvoegsel &#8216;d\u00e9-&#8216; betekent meestal het ongedaan maken van iets en wordt vaak vertaald met &#8216;ont-&#8216; of &#8216;de-&#8216; in het Nederlands.<\/p>\n\n\n\n<ul class=\"wp-block-list\"><li>d\u00e9couvrir = ontdekken, <\/li><li>Red\u00e9couvrir = herontdekken,<\/li><li>la d\u00e9couverte = de ontdekking,  <\/li><li>d\u00e9baller = uitpakken (het inpakken ongedaan maken)<\/li><li>d\u00e9sinstaller = de installatie teniet doen, desinstalleren,<\/li><li>d\u00e9faire = ongedaan maken.<\/li><\/ul>\n\n\n\n<figure class=\"wp-block-image size-large\"><img loading=\"lazy\" decoding=\"async\" width=\"418\" height=\"248\" src=\"https:\/\/olvafrans.classy.be\/wp-content\/uploads\/2020\/05\/2020-05-18_9-31-26.jpg\" alt=\"\" class=\"wp-image-519\" srcset=\"https:\/\/olvafrans.classy.be\/wp-content\/uploads\/2020\/05\/2020-05-18_9-31-26.jpg 418w, https:\/\/olvafrans.classy.be\/wp-content\/uploads\/2020\/05\/2020-05-18_9-31-26-300x178.jpg 300w\" sizes=\"auto, (max-width: 418px) 100vw, 418px\" \/><\/figure>\n\n\n\n<p>Lou habite en Nouvelle-Z\u00e9lande. Elle peut aller \u00e0 l&#8217;\u00e9cole! Fini le confinement total. Elle red\u00e9couvre l&#8217;\u00e9cole, ses ami(e)s et &#8230; ? <\/p>\n\n\n\n<figure class=\"wp-block-image size-large\"><img loading=\"lazy\" decoding=\"async\" width=\"1024\" height=\"717\" src=\"https:\/\/olvafrans.classy.be\/wp-content\/uploads\/2020\/05\/2020-05-18_10-06-14-1024x717.jpg\" alt=\"\" class=\"wp-image-537\" srcset=\"https:\/\/olvafrans.classy.be\/wp-content\/uploads\/2020\/05\/2020-05-18_10-06-14-1024x717.jpg 1024w, https:\/\/olvafrans.classy.be\/wp-content\/uploads\/2020\/05\/2020-05-18_10-06-14-300x210.jpg 300w, https:\/\/olvafrans.classy.be\/wp-content\/uploads\/2020\/05\/2020-05-18_10-06-14-768x538.jpg 768w, https:\/\/olvafrans.classy.be\/wp-content\/uploads\/2020\/05\/2020-05-18_10-06-14.jpg 1112w\" sizes=\"auto, (max-width: 706px) 89vw, (max-width: 767px) 82vw, 740px\" \/><\/figure>\n\n\n\n<p><strong>Lis<\/strong> d&#8217;abord l&#8217;article complet. Ouvre le document ou t\u00e9l\u00e9charge-le.<\/p>\n\n\n\n<div class=\"wp-block-file\"><a href=\"https:\/\/olvafrans.classy.be\/wp-content\/uploads\/2020\/05\/nouvelle-caledonie-deconfinement.pdf\">nouvelle-caledonie-deconfinement<\/a><a href=\"https:\/\/olvafrans.classy.be\/wp-content\/uploads\/2020\/05\/nouvelle-caledonie-deconfinement.pdf\" class=\"wp-block-file__button\" download>t\u00e9l\u00e9charger<\/a><\/div>\n\n\n\n<p>Puis, <strong>fais <\/strong>cet exercice: (<a rel=\"noreferrer noopener\" href=\"https:\/\/www.bookwidgets.com\/play\/t:WerZajngHJpHgQJm3T-pzJdb7GfOUW9FeN_vOYWhIddXWEFIVzU=\" target=\"_blank\">deze online oefening)<\/a> en deel gerust je resultaat via Smartschool of nog beter, geef je e-mailadres in en de mijne (edevgm@gmail.com), dan krijg ik een seintje en je ingevulde versie als je het hebt gemaakt.<\/p>\n\n\n\n<figure class=\"wp-block-image size-large\"><img loading=\"lazy\" decoding=\"async\" width=\"681\" height=\"468\" src=\"https:\/\/olvafrans.classy.be\/wp-content\/uploads\/2020\/05\/2020-05-18_11-36-05.jpg\" alt=\"\" class=\"wp-image-543\" srcset=\"https:\/\/olvafrans.classy.be\/wp-content\/uploads\/2020\/05\/2020-05-18_11-36-05.jpg 681w, https:\/\/olvafrans.classy.be\/wp-content\/uploads\/2020\/05\/2020-05-18_11-36-05-300x206.jpg 300w\" sizes=\"auto, (max-width: 681px) 100vw, 681px\" \/><figcaption>Si tu as tout fait, ce petit gamin est bien content!<\/figcaption><\/figure>\n\n\n\n<p>Le\u00e7on 14 sera bient\u00f4t disponible. <\/p>\n","protected":false},"excerpt":{"rendered":"<p>Cette semaine on regarde l&#8217;actualit\u00e9 Vocabualire de l&#8217;actualit\u00e9 (25 minutes) L&#8217;actualit\u00e9 est celle du corona. Il y a plus de deux mois qu&#8217;on reste chez nous \u00e0 la maison. En France, le &#8216;lockdown&#8217; est appel\u00e9 confinement. Avant de faire la connaissance avec une fille qui a retrouv\u00e9 la libert\u00e9 de rentrer \u00e0 l&#8217;\u00e9cole, tu apprends &hellip; <\/p>\n<p class=\"link-more\"><a href=\"https:\/\/olvafrans.classy.be\/?page_id=500\" class=\"more-link\">Lees verder <span class=\"screen-reader-text\">&#8220;Le\u00e7on n\u00b0 13&#8221;<\/span><\/a><\/p>\n","protected":false},"author":1,"featured_media":0,"parent":0,"menu_order":0,"comment_status":"closed","ping_status":"closed","template":"","meta":{"footnotes":""},"class_list":["post-500","page","type-page","status-publish","hentry"],"_links":{"self":[{"href":"https:\/\/olvafrans.classy.be\/index.php?rest_route=\/wp\/v2\/pages\/500","targetHints":{"allow":["GET"]}}],"collection":[{"href":"https:\/\/olvafrans.classy.be\/index.php?rest_route=\/wp\/v2\/pages"}],"about":[{"href":"https:\/\/olvafrans.classy.be\/index.php?rest_route=\/wp\/v2\/types\/page"}],"author":[{"embeddable":true,"href":"https:\/\/olvafrans.classy.be\/index.php?rest_route=\/wp\/v2\/users\/1"}],"replies":[{"embeddable":true,"href":"https:\/\/olvafrans.classy.be\/index.php?rest_route=%2Fwp%2Fv2%2Fcomments&post=500"}],"version-history":[{"count":31,"href":"https:\/\/olvafrans.classy.be\/index.php?rest_route=\/wp\/v2\/pages\/500\/revisions"}],"predecessor-version":[{"id":549,"href":"https:\/\/olvafrans.classy.be\/index.php?rest_route=\/wp\/v2\/pages\/500\/revisions\/549"}],"wp:attachment":[{"href":"https:\/\/olvafrans.classy.be\/index.php?rest_route=%2Fwp%2Fv2%2Fmedia&parent=500"}],"curies":[{"name":"wp","href":"https:\/\/api.w.org\/{rel}","templated":true}]}}