{"id":42,"date":"2020-04-18T14:32:09","date_gmt":"2020-04-18T14:32:09","guid":{"rendered":"http:\/\/olvafrans.classy.be\/?page_id=42"},"modified":"2020-04-22T19:45:51","modified_gmt":"2020-04-22T19:45:51","slug":"devoir-lecon-n3","status":"publish","type":"page","link":"https:\/\/olvafrans.classy.be\/?page_id=42","title":{"rendered":"Le\u00e7on n\u00b03"},"content":{"rendered":"\n<figure class=\"wp-block-image size-large is-resized\"><img loading=\"lazy\" decoding=\"async\" src=\"https:\/\/olvafrans.classy.be\/wp-content\/uploads\/2020\/04\/1.png\" alt=\"\" class=\"wp-image-92\" width=\"425\" height=\"75\" srcset=\"https:\/\/olvafrans.classy.be\/wp-content\/uploads\/2020\/04\/1.png 850w, https:\/\/olvafrans.classy.be\/wp-content\/uploads\/2020\/04\/1-300x53.png 300w, https:\/\/olvafrans.classy.be\/wp-content\/uploads\/2020\/04\/1-768x136.png 768w\" sizes=\"auto, (max-width: 425px) 100vw, 425px\" \/><\/figure>\n\n\n\n<p>Aujourd&#8217;hui, tu apprends&#8230;<\/p>\n\n\n\n<ul class=\"wp-block-list\"><li>encore une fois le vocabulaire de hier, p. 358-360 dans le cahier ou sur quizlet.<\/li><li>\u00e0 acheter un billet de la SNCB (un billet de train en Belgique)<\/li><\/ul>\n\n\n\n<figure class=\"wp-block-image size-large is-resized\"><img loading=\"lazy\" decoding=\"async\" src=\"https:\/\/olvafrans.classy.be\/wp-content\/uploads\/2020\/04\/2.png\" alt=\"\" class=\"wp-image-101\" width=\"425\" height=\"75\" srcset=\"https:\/\/olvafrans.classy.be\/wp-content\/uploads\/2020\/04\/2.png 850w, https:\/\/olvafrans.classy.be\/wp-content\/uploads\/2020\/04\/2-300x53.png 300w, https:\/\/olvafrans.classy.be\/wp-content\/uploads\/2020\/04\/2-768x136.png 768w\" sizes=\"auto, (max-width: 425px) 100vw, 425px\" \/><\/figure>\n\n\n\n<blockquote class=\"wp-block-quote is-style-large is-layout-flow wp-block-quote-is-layout-flow\"><p>Vocabulaire (25 minutes)<\/p><\/blockquote>\n\n\n\n<p><strong>Apprends <\/strong><em>le voc \u00e0 la p. 358-360, ou fais-le par <\/em><a rel=\"noreferrer noopener\" href=\"https:\/\/quizlet.com\/133625134\/flashcards\" target=\"_blank\">Quizlet<\/a><em>.<\/em><\/p>\n\n\n\n<p>Si tu penses conna\u00eetre ce voc, tu peux passer aux petits tests: <a rel=\"noreferrer noopener\" href=\"https:\/\/quizlet.com\/133625134\/test?answerTermSides=6&amp;promptTermSides=4&amp;questionCount=20&amp;questionTypes=5&amp;showImages=true\" target=\"_blank\">test 1<\/a> et <a rel=\"noreferrer noopener\" href=\"https:\/\/quizlet.com\/133625134\/test?answerTermSides=6&amp;promptTermSides=2&amp;questionCount=25&amp;questionTypes=5&amp;showImages=true\" target=\"_blank\">test 2<\/a>. <\/p>\n\n\n\n<p>Alors, tu es content du r\u00e9sultat? Oui? Continue. Sinon, demain tu reprends ce vocabulaire encore un tout petit peu.<\/p>\n\n\n\n<ul class=\"wp-block-list\"><li>Puis tu <strong>prends <\/strong>la p. 309 dans le cahier. <\/li><li>Tu essaies de <strong>compl\u00e9ter <\/strong>les pages 309-313. Ce n&#8217;est pas tr\u00e8s facile, mais essaie quand m\u00eame.<\/li><li>A la page 313, tu ne fais pas l&#8217;ex.10. <\/li><\/ul>\n\n\n\n<figure class=\"wp-block-image size-large is-resized\"><img loading=\"lazy\" decoding=\"async\" src=\"https:\/\/olvafrans.classy.be\/wp-content\/uploads\/2020\/04\/divider-Je-suis-styl\u00e9-2.png\" alt=\"\" class=\"wp-image-68\" width=\"650\" height=\"40\" srcset=\"https:\/\/olvafrans.classy.be\/wp-content\/uploads\/2020\/04\/divider-Je-suis-styl\u00e9-2.png 650w, https:\/\/olvafrans.classy.be\/wp-content\/uploads\/2020\/04\/divider-Je-suis-styl\u00e9-2-300x18.png 300w\" sizes=\"auto, (max-width: 650px) 100vw, 650px\" \/><\/figure>\n\n\n\n<blockquote class=\"wp-block-quote is-style-large is-layout-flow wp-block-quote-is-layout-flow\"><p>Acheter un billet de train via le smartphone. (20 minutes)<\/p><\/blockquote>\n\n\n\n<figure class=\"wp-block-image size-large is-resized\"><img loading=\"lazy\" decoding=\"async\" src=\"https:\/\/olvafrans.classy.be\/wp-content\/uploads\/2020\/04\/1.png\" alt=\"\" class=\"wp-image-92\" width=\"425\" height=\"75\" srcset=\"https:\/\/olvafrans.classy.be\/wp-content\/uploads\/2020\/04\/1.png 850w, https:\/\/olvafrans.classy.be\/wp-content\/uploads\/2020\/04\/1-300x53.png 300w, https:\/\/olvafrans.classy.be\/wp-content\/uploads\/2020\/04\/1-768x136.png 768w\" sizes=\"auto, (max-width: 425px) 100vw, 425px\" \/><\/figure>\n\n\n\n<p>Tu vas \u00e9couter une explication. C&#8217;est un enr\u00e9gistrement audio. Suis bien l&#8217;instruction.<\/p>\n\n\n\n<figure class=\"wp-block-image size-large is-resized\"><img loading=\"lazy\" decoding=\"async\" src=\"https:\/\/olvafrans.classy.be\/wp-content\/uploads\/2020\/04\/4.png\" alt=\"\" class=\"wp-image-93\" width=\"425\" height=\"75\" srcset=\"https:\/\/olvafrans.classy.be\/wp-content\/uploads\/2020\/04\/4.png 850w, https:\/\/olvafrans.classy.be\/wp-content\/uploads\/2020\/04\/4-300x53.png 300w, https:\/\/olvafrans.classy.be\/wp-content\/uploads\/2020\/04\/4-768x136.png 768w\" sizes=\"auto, (max-width: 425px) 100vw, 425px\" \/><\/figure>\n\n\n\n<p>We hebben in de voorbije hoofdstukken nog niet zo vaak gewerkt rond het beluisteren van een tekst met instructie. Je hoort wel vaker de lkr spreken Het is zeker nodig dat we daar eens op oefenen. <\/p>\n\n\n\n<ul class=\"wp-block-list\"><li><strong>\u00e9coute <\/strong>une premi\u00e8re fois, tu ne <strong>notes <\/strong>rien, tu ne <strong>pauses <\/strong>pas le son (geluid\/opname).<\/li><li><strong>\u00e9coute <\/strong>une deuxi\u00e8me fois, tu <strong>pauses <\/strong>parfois le son pour prendre des notes. <ul><li>Il faut noter <strong>les \u00e9tapes<\/strong> (tussenstappen) et<strong> les mots-cl\u00e9s<\/strong> (kernwoorden).<\/li><\/ul><\/li><\/ul>\n\n\n\n<figure class=\"wp-block-audio\"><audio controls src=\"https:\/\/olvafrans.classy.be\/wp-content\/uploads\/2020\/04\/Comment-acheter-un-billet-sur-le-site-_-_-SNCB.mp3\"><\/audio><\/figure>\n\n\n\n<div class=\"h5p-iframe-wrapper\"><iframe id=\"h5p-iframe-1\" class=\"h5p-iframe\" data-content-id=\"1\" style=\"height:1px\" src=\"about:blank\" frameBorder=\"0\" scrolling=\"no\" title=\"compr orale\"><\/iframe><\/div>\n\n\n\n<ul class=\"wp-block-list\"><li>Regarde bien tes notes. Si tu penses avoir assez de notes, tu passes \u00e0 l&#8217;exercice suivant.<\/li><\/ul>\n\n\n\n<div class=\"h5p-iframe-wrapper\"><iframe id=\"h5p-iframe-2\" class=\"h5p-iframe\" data-content-id=\"2\" style=\"height:1px\" src=\"about:blank\" frameBorder=\"0\" scrolling=\"no\" title=\"Comment acheter un billet de train via le smartphone\"><\/iframe><\/div>\n\n\n\n<figure class=\"wp-block-image size-large is-resized\"><img loading=\"lazy\" decoding=\"async\" src=\"https:\/\/olvafrans.classy.be\/wp-content\/uploads\/2020\/04\/Het-doel_-waar-gaat-dit-uiteindelijk-naartoe_-1.png\" alt=\"\" class=\"wp-image-209\" width=\"425\" height=\"75\" srcset=\"https:\/\/olvafrans.classy.be\/wp-content\/uploads\/2020\/04\/Het-doel_-waar-gaat-dit-uiteindelijk-naartoe_-1.png 850w, https:\/\/olvafrans.classy.be\/wp-content\/uploads\/2020\/04\/Het-doel_-waar-gaat-dit-uiteindelijk-naartoe_-1-300x53.png 300w, https:\/\/olvafrans.classy.be\/wp-content\/uploads\/2020\/04\/Het-doel_-waar-gaat-dit-uiteindelijk-naartoe_-1-768x136.png 768w\" sizes=\"auto, (max-width: 425px) 100vw, 425px\" \/><\/figure>\n\n\n\n<p>Alors, content du r\u00e9sultat? Tu veux le montrer par <strong>un petit message par smartschool<\/strong>? Bon. Si tu le fais, ajoute le prise d&#8217;\u00e9cran de cet exercice. (als je me een berichtje stuurt met je score, voeg een screenshot toe (en geen van een andere leerling die gedeeld werd via snapchat of whatever, bespaar me de tijd om die te bekijken, merci.))<\/p>\n\n\n\n<figure class=\"wp-block-image size-large\"><img loading=\"lazy\" decoding=\"async\" width=\"650\" height=\"40\" src=\"https:\/\/olvafrans.classy.be\/wp-content\/uploads\/2020\/04\/divider-Je-suis-styl\u00e9-2.png\" alt=\"\" class=\"wp-image-68\" srcset=\"https:\/\/olvafrans.classy.be\/wp-content\/uploads\/2020\/04\/divider-Je-suis-styl\u00e9-2.png 650w, https:\/\/olvafrans.classy.be\/wp-content\/uploads\/2020\/04\/divider-Je-suis-styl\u00e9-2-300x18.png 300w\" sizes=\"auto, (max-width: 650px) 100vw, 650px\" \/><\/figure>\n\n\n\n<p>Alors, comment est-ce qu&#8217;on continue?<\/p>\n\n\n\n<ul class=\"wp-block-list\"><li><strong>Jeudi matin \u00e0 9h<\/strong> il y a le &#8216;<strong>live<\/strong>&#8216;. Tu DOIS t&#8217;inscrire (inschrijven) avant mercredi soir 18h par un message par smartschool. Pas inscrit = pas d&#8217;acc\u00e8s!<\/li><li><strong>Jeudi \u00e0 17h<\/strong> j&#8217;envoie un message par smartschool pour expliquer l&#8217;\u00e9valuation.<\/li><li>Tu as le temps <strong>jusqu&#8217;\u00e0 dimanche \u00e0 12h<\/strong> de faire cette \u00e9valuation.<\/li><\/ul>\n\n\n\n<figure class=\"wp-block-image size-large\"><img loading=\"lazy\" decoding=\"async\" width=\"650\" height=\"40\" src=\"https:\/\/olvafrans.classy.be\/wp-content\/uploads\/2020\/04\/divider-Je-suis-styl\u00e9-2.png\" alt=\"\" class=\"wp-image-68\" srcset=\"https:\/\/olvafrans.classy.be\/wp-content\/uploads\/2020\/04\/divider-Je-suis-styl\u00e9-2.png 650w, https:\/\/olvafrans.classy.be\/wp-content\/uploads\/2020\/04\/divider-Je-suis-styl\u00e9-2-300x18.png 300w\" sizes=\"auto, (max-width: 650px) 100vw, 650px\" \/><\/figure>\n\n\n\n<p>Si tu veux encore regarder une \u00e9mission assez dr\u00f4le de Lucas etc., tu le trouves <a rel=\"noreferrer noopener\" href=\"https:\/\/youtu.be\/SJMis_jopbM\" target=\"_blank\">ici<\/a>.<\/p>\n\n\n\n<figure class=\"wp-block-image size-large\"><img loading=\"lazy\" decoding=\"async\" width=\"1024\" height=\"506\" src=\"https:\/\/olvafrans.classy.be\/wp-content\/uploads\/2020\/04\/2020-04-21_14-31-16-1024x506.png\" alt=\"\" class=\"wp-image-187\" srcset=\"https:\/\/olvafrans.classy.be\/wp-content\/uploads\/2020\/04\/2020-04-21_14-31-16-1024x506.png 1024w, https:\/\/olvafrans.classy.be\/wp-content\/uploads\/2020\/04\/2020-04-21_14-31-16-300x148.png 300w, https:\/\/olvafrans.classy.be\/wp-content\/uploads\/2020\/04\/2020-04-21_14-31-16-768x380.png 768w, https:\/\/olvafrans.classy.be\/wp-content\/uploads\/2020\/04\/2020-04-21_14-31-16.png 1110w\" sizes=\"auto, (max-width: 706px) 89vw, (max-width: 767px) 82vw, 740px\" \/><\/figure>\n","protected":false},"excerpt":{"rendered":"<p>Aujourd&#8217;hui, tu apprends&#8230; encore une fois le vocabulaire de hier, p. 358-360 dans le cahier ou sur quizlet. \u00e0 acheter un billet de la SNCB (un billet de train en Belgique) Vocabulaire (25 minutes) Apprends le voc \u00e0 la p. 358-360, ou fais-le par Quizlet. Si tu penses conna\u00eetre ce voc, tu peux passer aux &hellip; <\/p>\n<p class=\"link-more\"><a href=\"https:\/\/olvafrans.classy.be\/?page_id=42\" class=\"more-link\">Lees verder <span class=\"screen-reader-text\">&#8220;Le\u00e7on n\u00b03&#8221;<\/span><\/a><\/p>\n","protected":false},"author":1,"featured_media":0,"parent":0,"menu_order":0,"comment_status":"closed","ping_status":"closed","template":"","meta":{"footnotes":""},"class_list":["post-42","page","type-page","status-publish","hentry"],"_links":{"self":[{"href":"https:\/\/olvafrans.classy.be\/index.php?rest_route=\/wp\/v2\/pages\/42","targetHints":{"allow":["GET"]}}],"collection":[{"href":"https:\/\/olvafrans.classy.be\/index.php?rest_route=\/wp\/v2\/pages"}],"about":[{"href":"https:\/\/olvafrans.classy.be\/index.php?rest_route=\/wp\/v2\/types\/page"}],"author":[{"embeddable":true,"href":"https:\/\/olvafrans.classy.be\/index.php?rest_route=\/wp\/v2\/users\/1"}],"replies":[{"embeddable":true,"href":"https:\/\/olvafrans.classy.be\/index.php?rest_route=%2Fwp%2Fv2%2Fcomments&post=42"}],"version-history":[{"count":29,"href":"https:\/\/olvafrans.classy.be\/index.php?rest_route=\/wp\/v2\/pages\/42\/revisions"}],"predecessor-version":[{"id":229,"href":"https:\/\/olvafrans.classy.be\/index.php?rest_route=\/wp\/v2\/pages\/42\/revisions\/229"}],"wp:attachment":[{"href":"https:\/\/olvafrans.classy.be\/index.php?rest_route=%2Fwp%2Fv2%2Fmedia&parent=42"}],"curies":[{"name":"wp","href":"https:\/\/api.w.org\/{rel}","templated":true}]}}