{"id":40,"date":"2020-04-18T14:31:44","date_gmt":"2020-04-18T14:31:44","guid":{"rendered":"http:\/\/olvafrans.classy.be\/?page_id=40"},"modified":"2020-04-21T18:56:26","modified_gmt":"2020-04-21T18:56:26","slug":"devoir-lecon-2","status":"publish","type":"page","link":"https:\/\/olvafrans.classy.be\/?page_id=40","title":{"rendered":"Le\u00e7on n\u00b0 2"},"content":{"rendered":"\n<figure class=\"wp-block-image size-large is-resized\"><img loading=\"lazy\" decoding=\"async\" src=\"https:\/\/olvafrans.classy.be\/wp-content\/uploads\/2020\/04\/1.png\" alt=\"\" class=\"wp-image-92\" width=\"425\" height=\"75\" srcset=\"https:\/\/olvafrans.classy.be\/wp-content\/uploads\/2020\/04\/1.png 850w, https:\/\/olvafrans.classy.be\/wp-content\/uploads\/2020\/04\/1-300x53.png 300w, https:\/\/olvafrans.classy.be\/wp-content\/uploads\/2020\/04\/1-768x136.png 768w\" sizes=\"auto, (max-width: 425px) 100vw, 425px\" \/><\/figure>\n\n\n\n<p>Hier tu as appris \u00e0 lire l&#8217;heure. Dans le dossier 5 on parle de prendre un train, un bus, un m\u00e9tro. Pour se fixer rendez-vous (afspreken), c&#8217;est tr\u00e8s utile de savoir lire et dire l&#8217;heure. Aujourd&#8217;hui tu apprends le vocabulaire de <strong>la gare<\/strong> et <strong>les<\/strong> <strong>moyens de transport<\/strong>.<\/p>\n\n\n\n<figure class=\"wp-block-image size-large is-resized\"><img loading=\"lazy\" decoding=\"async\" src=\"https:\/\/olvafrans.classy.be\/wp-content\/uploads\/2020\/04\/2020-04-19_19-31-38.png\" alt=\"\" class=\"wp-image-122\" width=\"254\" height=\"118\" srcset=\"https:\/\/olvafrans.classy.be\/wp-content\/uploads\/2020\/04\/2020-04-19_19-31-38.png 759w, https:\/\/olvafrans.classy.be\/wp-content\/uploads\/2020\/04\/2020-04-19_19-31-38-300x140.png 300w\" sizes=\"auto, (max-width: 254px) 100vw, 254px\" \/><\/figure>\n\n\n\n<p>Tu vas aussi encore travailler un peu <strong>le verbe savoir<\/strong>.<\/p>\n\n\n\n<p>Tu comprends d\u00e9j\u00e0, tr\u00e8s peu d&#8217;explication de ma part, <strong>aujourd&#8217;hui c&#8217;est toi qui travailles<\/strong>.<\/p>\n\n\n\n<figure class=\"wp-block-image size-large\"><img loading=\"lazy\" decoding=\"async\" width=\"650\" height=\"40\" src=\"https:\/\/olvafrans.classy.be\/wp-content\/uploads\/2020\/04\/divider-Je-suis-styl\u00e9-2.png\" alt=\"\" class=\"wp-image-68\" srcset=\"https:\/\/olvafrans.classy.be\/wp-content\/uploads\/2020\/04\/divider-Je-suis-styl\u00e9-2.png 650w, https:\/\/olvafrans.classy.be\/wp-content\/uploads\/2020\/04\/divider-Je-suis-styl\u00e9-2-300x18.png 300w\" sizes=\"auto, (max-width: 650px) 100vw, 650px\" \/><\/figure>\n\n\n\n<blockquote class=\"wp-block-quote is-style-large is-layout-flow wp-block-quote-is-layout-flow\"><p>Le verbe savoir (max. 15 minutes)<\/p><\/blockquote>\n\n\n\n<p>Avant de regarder la vid\u00e9o, <strong>prends<\/strong> du papier, <strong>essaie de noter<\/strong> le sch\u00e9ma du verbe SAVOIR comme \u00e0 la fin de ma vid\u00e9o. <strong>Note<\/strong> les temps, les formes, eventuellement de fl\u00e8ches (pijlen) et <strong>emploie<\/strong> des couleurs pour les exceptions.<\/p>\n\n\n\n<p>Dit doe je niet zo maar. Uit onderzoek blijkt dat het je alles proberen herinneren van een vorige leermoment een uitstekende manier is om te zien wat je alweer vergeten bent en je dus best extra inoefent. <\/p>\n\n\n\n<figure class=\"wp-block-image size-large is-resized\"><img loading=\"lazy\" decoding=\"async\" src=\"https:\/\/olvafrans.classy.be\/wp-content\/uploads\/2020\/04\/2020-04-19_19-39-01.png\" alt=\"\" class=\"wp-image-124\" width=\"319\" height=\"293\" srcset=\"https:\/\/olvafrans.classy.be\/wp-content\/uploads\/2020\/04\/2020-04-19_19-39-01.png 748w, https:\/\/olvafrans.classy.be\/wp-content\/uploads\/2020\/04\/2020-04-19_19-39-01-300x277.png 300w\" sizes=\"auto, (max-width: 319px) 100vw, 319px\" \/><\/figure>\n\n\n\n<p>Puis, tu compares (vergelijk je) ton r\u00e9sultat avec le sch\u00e9ma dans la vid\u00e9o \u00e0 3 minutes 39 secondes.<\/p>\n\n\n\n<figure class=\"wp-block-video\"><video controls src=\"https:\/\/olvafrans.classy.be\/wp-content\/uploads\/2020\/04\/savoir.mp4\"><\/video><\/figure>\n\n\n\n<p>Si c&#8217;est n\u00e9cessaire, tu t&#8217;entraines sur <a rel=\"noreferrer noopener\" href=\"http:\/\/www.verbuga.eu\/Mise\/Mise.html\" target=\"_blank\">Verbuga.eu<\/a> pour fixer le verbe savoir dans toutes ses formes. Deux fois 4 minutes sont assez. (Il y a <a href=\"https:\/\/quizlet.com\/136671564\/coup-de-pouce-2-dossier-5-savoir-flash-cards\/\" target=\"_blank\" rel=\"noreferrer noopener\">Quizlet<\/a> aussi, si tu pr\u00e9f\u00e8res \u00e7a. )<\/p>\n\n\n\n<figure class=\"wp-block-image size-large is-resized\"><img loading=\"lazy\" decoding=\"async\" src=\"https:\/\/olvafrans.classy.be\/wp-content\/uploads\/2020\/04\/2020-04-19_16-56-54.png\" alt=\"\" class=\"wp-image-102\" width=\"666\" height=\"339\" srcset=\"https:\/\/olvafrans.classy.be\/wp-content\/uploads\/2020\/04\/2020-04-19_16-56-54.png 874w, https:\/\/olvafrans.classy.be\/wp-content\/uploads\/2020\/04\/2020-04-19_16-56-54-300x153.png 300w, https:\/\/olvafrans.classy.be\/wp-content\/uploads\/2020\/04\/2020-04-19_16-56-54-768x392.png 768w\" sizes=\"auto, (max-width: 666px) 100vw, 666px\" \/><\/figure>\n\n\n\n<figure class=\"wp-block-image size-large is-resized\"><img loading=\"lazy\" decoding=\"async\" src=\"https:\/\/olvafrans.classy.be\/wp-content\/uploads\/2020\/04\/divider-Je-suis-styl\u00e9-2.png\" alt=\"\" class=\"wp-image-68\" width=\"667\" height=\"41\" srcset=\"https:\/\/olvafrans.classy.be\/wp-content\/uploads\/2020\/04\/divider-Je-suis-styl\u00e9-2.png 650w, https:\/\/olvafrans.classy.be\/wp-content\/uploads\/2020\/04\/divider-Je-suis-styl\u00e9-2-300x18.png 300w\" sizes=\"auto, (max-width: 667px) 100vw, 667px\" \/><\/figure>\n\n\n\n<blockquote class=\"wp-block-quote is-style-large is-layout-flow wp-block-quote-is-layout-flow\"><p>Vocabulaire: Dossier 5, 1-3 (30 minutes)<\/p><\/blockquote>\n\n\n\n<figure class=\"wp-block-image size-large is-resized\"><img loading=\"lazy\" decoding=\"async\" src=\"https:\/\/olvafrans.classy.be\/wp-content\/uploads\/2020\/04\/2.png\" alt=\"\" class=\"wp-image-101\" width=\"425\" height=\"75\" srcset=\"https:\/\/olvafrans.classy.be\/wp-content\/uploads\/2020\/04\/2.png 850w, https:\/\/olvafrans.classy.be\/wp-content\/uploads\/2020\/04\/2-300x53.png 300w, https:\/\/olvafrans.classy.be\/wp-content\/uploads\/2020\/04\/2-768x136.png 768w\" sizes=\"auto, (max-width: 425px) 100vw, 425px\" \/><\/figure>\n\n\n\n<p>Dans le livre se trouve le vocabulaire \u00e0 apprendre, \u00e0 la page 358 &#8211; 360. Tu peux le faire de fa\u00e7on &#8217;traditionnelle&#8217;, dans le livre. Si tu pr\u00e9f\u00e8res Quizlet, tu peux retrouver ce voc <a rel=\"noreferrer noopener\" href=\"https:\/\/quizlet.com\/133625134\/flashcards\" target=\"_blank\">ici<\/a>. <\/p>\n\n\n\n<figure class=\"wp-block-image size-large\"><img loading=\"lazy\" decoding=\"async\" width=\"1024\" height=\"559\" src=\"https:\/\/olvafrans.classy.be\/wp-content\/uploads\/2020\/04\/1299-1024x559.jpg\" alt=\"\" class=\"wp-image-48\" srcset=\"https:\/\/olvafrans.classy.be\/wp-content\/uploads\/2020\/04\/1299-1024x559.jpg 1024w, https:\/\/olvafrans.classy.be\/wp-content\/uploads\/2020\/04\/1299-300x164.jpg 300w, https:\/\/olvafrans.classy.be\/wp-content\/uploads\/2020\/04\/1299-768x419.jpg 768w, https:\/\/olvafrans.classy.be\/wp-content\/uploads\/2020\/04\/1299-1536x838.jpg 1536w, https:\/\/olvafrans.classy.be\/wp-content\/uploads\/2020\/04\/1299-2048x1118.jpg 2048w\" sizes=\"auto, (max-width: 706px) 89vw, (max-width: 767px) 82vw, 740px\" \/><figcaption>une gare<\/figcaption><\/figure>\n\n\n\n<p>Voil\u00e0, si tu as fait ceci, tu as bien travaill\u00e9.<\/p>\n","protected":false},"excerpt":{"rendered":"<p>Hier tu as appris \u00e0 lire l&#8217;heure. Dans le dossier 5 on parle de prendre un train, un bus, un m\u00e9tro. Pour se fixer rendez-vous (afspreken), c&#8217;est tr\u00e8s utile de savoir lire et dire l&#8217;heure. Aujourd&#8217;hui tu apprends le vocabulaire de la gare et les moyens de transport. Tu vas aussi encore travailler un peu &hellip; <\/p>\n<p class=\"link-more\"><a href=\"https:\/\/olvafrans.classy.be\/?page_id=40\" class=\"more-link\">Lees verder <span class=\"screen-reader-text\">&#8220;Le\u00e7on n\u00b0 2&#8221;<\/span><\/a><\/p>\n","protected":false},"author":1,"featured_media":0,"parent":0,"menu_order":0,"comment_status":"closed","ping_status":"closed","template":"","meta":{"footnotes":""},"class_list":["post-40","page","type-page","status-publish","hentry"],"_links":{"self":[{"href":"https:\/\/olvafrans.classy.be\/index.php?rest_route=\/wp\/v2\/pages\/40","targetHints":{"allow":["GET"]}}],"collection":[{"href":"https:\/\/olvafrans.classy.be\/index.php?rest_route=\/wp\/v2\/pages"}],"about":[{"href":"https:\/\/olvafrans.classy.be\/index.php?rest_route=\/wp\/v2\/types\/page"}],"author":[{"embeddable":true,"href":"https:\/\/olvafrans.classy.be\/index.php?rest_route=\/wp\/v2\/users\/1"}],"replies":[{"embeddable":true,"href":"https:\/\/olvafrans.classy.be\/index.php?rest_route=%2Fwp%2Fv2%2Fcomments&post=40"}],"version-history":[{"count":16,"href":"https:\/\/olvafrans.classy.be\/index.php?rest_route=\/wp\/v2\/pages\/40\/revisions"}],"predecessor-version":[{"id":195,"href":"https:\/\/olvafrans.classy.be\/index.php?rest_route=\/wp\/v2\/pages\/40\/revisions\/195"}],"wp:attachment":[{"href":"https:\/\/olvafrans.classy.be\/index.php?rest_route=%2Fwp%2Fv2%2Fmedia&parent=40"}],"curies":[{"name":"wp","href":"https:\/\/api.w.org\/{rel}","templated":true}]}}