{"id":246,"date":"2020-04-26T09:09:08","date_gmt":"2020-04-26T09:09:08","guid":{"rendered":"http:\/\/olvafrans.classy.be\/?page_id=246"},"modified":"2020-04-28T18:21:57","modified_gmt":"2020-04-28T18:21:57","slug":"lecon-n-6","status":"publish","type":"page","link":"https:\/\/olvafrans.classy.be\/?page_id=246","title":{"rendered":"Le\u00e7on n\u00b0 6"},"content":{"rendered":"\n<figure class=\"wp-block-image size-large\"><img loading=\"lazy\" decoding=\"async\" width=\"850\" height=\"150\" src=\"https:\/\/olvafrans.classy.be\/wp-content\/uploads\/2020\/04\/1.png\" alt=\"\" class=\"wp-image-92\" srcset=\"https:\/\/olvafrans.classy.be\/wp-content\/uploads\/2020\/04\/1.png 850w, https:\/\/olvafrans.classy.be\/wp-content\/uploads\/2020\/04\/1-300x53.png 300w, https:\/\/olvafrans.classy.be\/wp-content\/uploads\/2020\/04\/1-768x136.png 768w\" sizes=\"auto, (max-width: 706px) 89vw, (max-width: 767px) 82vw, 740px\" \/><\/figure>\n\n\n\n<ul class=\"wp-block-list\"><li>le <strong>comparatif <\/strong>(de vergelijkende trap)<\/li><li>le <strong>vocabulaire <\/strong>de la p. 360-361<\/li><\/ul>\n\n\n\n<figure class=\"wp-block-image size-large\"><img loading=\"lazy\" decoding=\"async\" width=\"650\" height=\"40\" src=\"https:\/\/olvafrans.classy.be\/wp-content\/uploads\/2020\/04\/divider-Je-suis-styl\u00e9-2.png\" alt=\"\" class=\"wp-image-68\" srcset=\"https:\/\/olvafrans.classy.be\/wp-content\/uploads\/2020\/04\/divider-Je-suis-styl\u00e9-2.png 650w, https:\/\/olvafrans.classy.be\/wp-content\/uploads\/2020\/04\/divider-Je-suis-styl\u00e9-2-300x18.png 300w\" sizes=\"auto, (max-width: 650px) 100vw, 650px\" \/><\/figure>\n\n\n\n<blockquote class=\"wp-block-quote is-style-large is-layout-flow wp-block-quote-is-layout-flow\"><p>Le comparatif (30 minutes)<\/p><\/blockquote>\n\n\n\n<figure class=\"wp-block-image size-large\"><img loading=\"lazy\" decoding=\"async\" width=\"850\" height=\"150\" src=\"https:\/\/olvafrans.classy.be\/wp-content\/uploads\/2020\/04\/Het-doel_-waar-gaat-dit-uiteindelijk-naartoe_.png\" alt=\"\" class=\"wp-image-95\" srcset=\"https:\/\/olvafrans.classy.be\/wp-content\/uploads\/2020\/04\/Het-doel_-waar-gaat-dit-uiteindelijk-naartoe_.png 850w, https:\/\/olvafrans.classy.be\/wp-content\/uploads\/2020\/04\/Het-doel_-waar-gaat-dit-uiteindelijk-naartoe_-300x53.png 300w, https:\/\/olvafrans.classy.be\/wp-content\/uploads\/2020\/04\/Het-doel_-waar-gaat-dit-uiteindelijk-naartoe_-768x136.png 768w\" sizes=\"auto, (max-width: 706px) 89vw, (max-width: 767px) 82vw, 740px\" \/><\/figure>\n\n\n\n<p>In de vorige les heb je tien zinnen geschreven. Je hebt tot woensdag 17u de tijd om mij die tien zinnen te tonen via een bericht op Smartschool. Ik zal noteren of je het hebt gemaakt. De tweede reeks zinnen was eigenlijk al in de <em>comparatif.<\/em> Zonder dat je echt met de theorie bezig was, heb je het voorbeeld gevolgd en vijf zinnen geschreven waarbij je twee vervoersmiddelen met elkaar vergelijkt.<\/p>\n\n\n\n<hr class=\"wp-block-separator\"\/>\n\n\n\n<p>Hier, tu as vu cette vid\u00e9o courte comme introduction sur le comparatif. Regarde encore une fois.<\/p>\n\n\n\n<figure class=\"wp-block-video\"><video controls src=\"https:\/\/olvafrans.classy.be\/wp-content\/uploads\/2020\/04\/2020-04-27_23-20-09.mp4\"><\/video><\/figure>\n\n\n\n<p>Si tu veux regarder une autre vid\u00e9o courte, la voici&#8230;<\/p>\n\n\n\n<figure class=\"wp-block-video\"><video controls src=\"https:\/\/olvafrans.classy.be\/wp-content\/uploads\/2020\/04\/comparatif-altern.mp4\"><\/video><\/figure>\n\n\n\n<hr class=\"wp-block-separator\"\/>\n\n\n\n<p><strong>Exercice<\/strong>: Je luistert naar een tekst waarin de verschillende manieren om naar Parijs te reizen worden vergeleken. Je gaat vijf tekeningen maken waarbij je illustreert dat je de comparatif uit de tekst hebt begrepen.<\/p>\n\n\n\n<p>Als je bv. zou horen dat de trein de snelle(re) manier is om in Parijs te geraken, dan teken je een supersnelle trein en daarbij een +, zoals in onderstaande tekening. Zou je horen dat je er met een taxi even snel geraakt als met de auto, dan kan je een taxi en een auto tekenen met een = teken tussen.<\/p>\n\n\n\n<figure class=\"wp-block-image size-large\"><img loading=\"lazy\" decoding=\"async\" width=\"1024\" height=\"406\" src=\"https:\/\/olvafrans.classy.be\/wp-content\/uploads\/2020\/04\/image-1024x406.png\" alt=\"\" class=\"wp-image-297\" srcset=\"https:\/\/olvafrans.classy.be\/wp-content\/uploads\/2020\/04\/image-1024x406.png 1024w, https:\/\/olvafrans.classy.be\/wp-content\/uploads\/2020\/04\/image-300x119.png 300w, https:\/\/olvafrans.classy.be\/wp-content\/uploads\/2020\/04\/image-768x304.png 768w, https:\/\/olvafrans.classy.be\/wp-content\/uploads\/2020\/04\/image.png 1512w\" sizes=\"auto, (max-width: 706px) 89vw, (max-width: 767px) 82vw, 740px\" \/><\/figure>\n\n\n\n<ul class=\"wp-block-list\"><li>Prends du papier pour dessiner (tekenen).<\/li><li>Ecoute maintenant le clip audio.<\/li><li>Dessine cinq moyens de transport que tu compares.<\/li><\/ul>\n\n\n\n<div class=\"h5p-iframe-wrapper\"><iframe id=\"h5p-iframe-6\" class=\"h5p-iframe\" data-content-id=\"6\" style=\"height:1px\" src=\"about:blank\" frameBorder=\"0\" scrolling=\"no\" title=\"Comparaison\"><\/iframe><\/div>\n\n\n\n<figure class=\"wp-block-image size-large\"><img loading=\"lazy\" decoding=\"async\" width=\"650\" height=\"40\" src=\"https:\/\/olvafrans.classy.be\/wp-content\/uploads\/2020\/04\/divider-Je-suis-styl\u00e9-2.png\" alt=\"\" class=\"wp-image-68\" srcset=\"https:\/\/olvafrans.classy.be\/wp-content\/uploads\/2020\/04\/divider-Je-suis-styl\u00e9-2.png 650w, https:\/\/olvafrans.classy.be\/wp-content\/uploads\/2020\/04\/divider-Je-suis-styl\u00e9-2-300x18.png 300w\" sizes=\"auto, (max-width: 650px) 100vw, 650px\" \/><\/figure>\n\n\n\n<p>Wil je de tekst zien die je net hebt gehoord? Alleen doen als je het te moeilijk vindt met alleen de audio. Laat het een uitdaging zijn. Klik <a rel=\"noreferrer noopener\" href=\"https:\/\/www.podcastfrancaisfacile.com\/podcast\/comparaison_moy.html\" target=\"_blank\">hier<\/a> voor de tekst. Vergelijk je tekeningen met de tekst. (Je hoeft me dit <strong><span style=\"text-decoration: underline;\">NIET <\/span><\/strong>te tonen via Smartschool)<\/p>\n\n\n\n<figure class=\"wp-block-image size-large\"><img loading=\"lazy\" decoding=\"async\" width=\"650\" height=\"40\" src=\"https:\/\/olvafrans.classy.be\/wp-content\/uploads\/2020\/04\/divider-Je-suis-styl\u00e9-1.png\" alt=\"\" class=\"wp-image-67\" srcset=\"https:\/\/olvafrans.classy.be\/wp-content\/uploads\/2020\/04\/divider-Je-suis-styl\u00e9-1.png 650w, https:\/\/olvafrans.classy.be\/wp-content\/uploads\/2020\/04\/divider-Je-suis-styl\u00e9-1-300x18.png 300w\" sizes=\"auto, (max-width: 650px) 100vw, 650px\" \/><\/figure>\n\n\n\n<blockquote class=\"wp-block-quote is-style-large is-layout-flow wp-block-quote-is-layout-flow\"><p>Vocabulaire p. 360 &#8211; 361 (20 minutes)<\/p><\/blockquote>\n\n\n\n<figure class=\"wp-block-image size-large\"><img loading=\"lazy\" decoding=\"async\" width=\"850\" height=\"150\" src=\"https:\/\/olvafrans.classy.be\/wp-content\/uploads\/2020\/04\/2.png\" alt=\"\" class=\"wp-image-101\" srcset=\"https:\/\/olvafrans.classy.be\/wp-content\/uploads\/2020\/04\/2.png 850w, https:\/\/olvafrans.classy.be\/wp-content\/uploads\/2020\/04\/2-300x53.png 300w, https:\/\/olvafrans.classy.be\/wp-content\/uploads\/2020\/04\/2-768x136.png 768w\" sizes=\"auto, (max-width: 706px) 89vw, (max-width: 767px) 82vw, 740px\" \/><\/figure>\n\n\n\n<p><strong>Etudie <\/strong>le vocabulaire restant du dossier. Tu trouves les mots \u00e0 la page 360 &#8211; 361.<\/p>\n\n\n\n<p>Il y a aussi <a rel=\"noreferrer noopener\" href=\"https:\/\/quizlet.com\/_8cmpky?x=1jqt&amp;i=1qsi3\" target=\"_blank\">Quizlet<\/a>, si tu pr\u00e9f\u00e8res \u00e7a.<\/p>\n\n\n\n<figure class=\"wp-block-image size-large\"><img loading=\"lazy\" decoding=\"async\" width=\"650\" height=\"40\" src=\"https:\/\/olvafrans.classy.be\/wp-content\/uploads\/2020\/04\/divider-Je-suis-styl\u00e9-1.png\" alt=\"\" class=\"wp-image-67\" srcset=\"https:\/\/olvafrans.classy.be\/wp-content\/uploads\/2020\/04\/divider-Je-suis-styl\u00e9-1.png 650w, https:\/\/olvafrans.classy.be\/wp-content\/uploads\/2020\/04\/divider-Je-suis-styl\u00e9-1-300x18.png 300w\" sizes=\"auto, (max-width: 650px) 100vw, 650px\" \/><\/figure>\n\n\n\n<p>Info over de evaluatie komt donderdag rond 17u.<\/p>\n\n\n\n<p><\/p>\n","protected":false},"excerpt":{"rendered":"<p>le comparatif (de vergelijkende trap) le vocabulaire de la p. 360-361 Le comparatif (30 minutes) In de vorige les heb je tien zinnen geschreven. Je hebt tot woensdag 17u de tijd om mij die tien zinnen te tonen via een bericht op Smartschool. Ik zal noteren of je het hebt gemaakt. De tweede reeks zinnen &hellip; <\/p>\n<p class=\"link-more\"><a href=\"https:\/\/olvafrans.classy.be\/?page_id=246\" class=\"more-link\">Lees verder <span class=\"screen-reader-text\">&#8220;Le\u00e7on n\u00b0 6&#8221;<\/span><\/a><\/p>\n","protected":false},"author":1,"featured_media":0,"parent":0,"menu_order":0,"comment_status":"closed","ping_status":"closed","template":"","meta":{"footnotes":""},"class_list":["post-246","page","type-page","status-publish","hentry"],"_links":{"self":[{"href":"https:\/\/olvafrans.classy.be\/index.php?rest_route=\/wp\/v2\/pages\/246","targetHints":{"allow":["GET"]}}],"collection":[{"href":"https:\/\/olvafrans.classy.be\/index.php?rest_route=\/wp\/v2\/pages"}],"about":[{"href":"https:\/\/olvafrans.classy.be\/index.php?rest_route=\/wp\/v2\/types\/page"}],"author":[{"embeddable":true,"href":"https:\/\/olvafrans.classy.be\/index.php?rest_route=\/wp\/v2\/users\/1"}],"replies":[{"embeddable":true,"href":"https:\/\/olvafrans.classy.be\/index.php?rest_route=%2Fwp%2Fv2%2Fcomments&post=246"}],"version-history":[{"count":14,"href":"https:\/\/olvafrans.classy.be\/index.php?rest_route=\/wp\/v2\/pages\/246\/revisions"}],"predecessor-version":[{"id":313,"href":"https:\/\/olvafrans.classy.be\/index.php?rest_route=\/wp\/v2\/pages\/246\/revisions\/313"}],"wp:attachment":[{"href":"https:\/\/olvafrans.classy.be\/index.php?rest_route=%2Fwp%2Fv2%2Fmedia&parent=246"}],"curies":[{"name":"wp","href":"https:\/\/api.w.org\/{rel}","templated":true}]}}