{"id":239,"date":"2020-04-26T09:06:29","date_gmt":"2020-04-26T09:06:29","guid":{"rendered":"http:\/\/olvafrans.classy.be\/?page_id=239"},"modified":"2020-04-28T08:15:58","modified_gmt":"2020-04-28T08:15:58","slug":"lecon-5","status":"publish","type":"page","link":"https:\/\/olvafrans.classy.be\/?page_id=239","title":{"rendered":"Le\u00e7on n\u00b0 5"},"content":{"rendered":"\n<figure class=\"wp-block-image size-large\"><img loading=\"lazy\" decoding=\"async\" width=\"850\" height=\"150\" src=\"https:\/\/olvafrans.classy.be\/wp-content\/uploads\/2020\/04\/1.png\" alt=\"\" class=\"wp-image-92\" srcset=\"https:\/\/olvafrans.classy.be\/wp-content\/uploads\/2020\/04\/1.png 850w, https:\/\/olvafrans.classy.be\/wp-content\/uploads\/2020\/04\/1-300x53.png 300w, https:\/\/olvafrans.classy.be\/wp-content\/uploads\/2020\/04\/1-768x136.png 768w\" sizes=\"auto, (max-width: 706px) 89vw, (max-width: 767px) 82vw, 740px\" \/><\/figure>\n\n\n\n<p>al wat hieronder staat is nog onder constructie&#8230;<\/p>\n\n\n\n<ul class=\"wp-block-list\"><li>welk <strong>voorzetsel <\/strong>gebruik je bij welk <strong>vervoersmiddel<\/strong>?<\/li><li>hoe gebruik je de <strong><em>superlatif<\/em><\/strong><em><strong> <\/strong><\/em>(de overtreffende trap) in het Frans?<\/li><\/ul>\n\n\n\n<figure class=\"wp-block-image size-large\"><img loading=\"lazy\" decoding=\"async\" width=\"650\" height=\"40\" src=\"https:\/\/olvafrans.classy.be\/wp-content\/uploads\/2020\/04\/divider-Je-suis-styl\u00e9-2.png\" alt=\"\" class=\"wp-image-68\" srcset=\"https:\/\/olvafrans.classy.be\/wp-content\/uploads\/2020\/04\/divider-Je-suis-styl\u00e9-2.png 650w, https:\/\/olvafrans.classy.be\/wp-content\/uploads\/2020\/04\/divider-Je-suis-styl\u00e9-2-300x18.png 300w\" sizes=\"auto, (max-width: 650px) 100vw, 650px\" \/><\/figure>\n\n\n\n<blockquote class=\"wp-block-quote is-style-large is-layout-flow wp-block-quote-is-layout-flow\"><p>La pr\u00e9position avec les moyens de transport ( max. 20 minutes)<\/p><\/blockquote>\n\n\n\n<p><span class=\"has-inline-color has-vivid-red-color\">Let op<\/span>, op het eind van deze pagina staat een opdracht die je me voor woensdagavond via Smartschool hebt bezorgd. <\/p>\n\n\n\n<figure class=\"wp-block-image size-large\"><img loading=\"lazy\" decoding=\"async\" width=\"850\" height=\"150\" src=\"https:\/\/olvafrans.classy.be\/wp-content\/uploads\/2020\/04\/4.png\" alt=\"\" class=\"wp-image-93\" srcset=\"https:\/\/olvafrans.classy.be\/wp-content\/uploads\/2020\/04\/4.png 850w, https:\/\/olvafrans.classy.be\/wp-content\/uploads\/2020\/04\/4-300x53.png 300w, https:\/\/olvafrans.classy.be\/wp-content\/uploads\/2020\/04\/4-768x136.png 768w\" sizes=\"auto, (max-width: 706px) 89vw, (max-width: 767px) 82vw, 740px\" \/><\/figure>\n\n\n\n<p>En n\u00e9erlandais on dit: Ik ga <strong>met de<\/strong> bus naar school, of <strong>met de<\/strong> fiets. C&#8217;est pourquoi beaucoup de personnes font la faute en disant (door te zeggen):  <em>Je vais \u00e0 l&#8217;\u00e9cole <strong>avec le<\/strong> bus<\/em>. <\/p>\n\n\n\n<p>Om deze fout te vermijden, hernemen we even deze leerstof en vullen aan met nieuwe woordenschat.<\/p>\n\n\n\n<figure class=\"wp-block-image size-large\"><img loading=\"lazy\" decoding=\"async\" width=\"850\" height=\"150\" src=\"https:\/\/olvafrans.classy.be\/wp-content\/uploads\/2020\/04\/Het-doel_-waar-gaat-dit-uiteindelijk-naartoe_.png\" alt=\"\" class=\"wp-image-95\" srcset=\"https:\/\/olvafrans.classy.be\/wp-content\/uploads\/2020\/04\/Het-doel_-waar-gaat-dit-uiteindelijk-naartoe_.png 850w, https:\/\/olvafrans.classy.be\/wp-content\/uploads\/2020\/04\/Het-doel_-waar-gaat-dit-uiteindelijk-naartoe_-300x53.png 300w, https:\/\/olvafrans.classy.be\/wp-content\/uploads\/2020\/04\/Het-doel_-waar-gaat-dit-uiteindelijk-naartoe_-768x136.png 768w\" sizes=\"auto, (max-width: 706px) 89vw, (max-width: 767px) 82vw, 740px\" \/><\/figure>\n\n\n\n<p>Uiteraard ken je al heel wat vervoersmiddelen. Toch even opfrissen, lijkt me essentieel. <em>Fais l&#8217;exercice facile<\/em>.<\/p>\n\n\n\n<p><span class=\"has-inline-color has-vivid-red-color\">Fais attention:<\/span> il y a une faute dans l&#8217;exercice. Je demande ce qui est la faute dans l&#8217;exercice suivant.<\/p>\n\n\n\n<div class=\"h5p-content\" data-content-id=\"3\"><\/div>\n\n\n\n<div class=\"h5p-iframe-wrapper\"><iframe id=\"h5p-iframe-5\" class=\"h5p-iframe\" data-content-id=\"5\" style=\"height:1px\" src=\"about:blank\" frameBorder=\"0\" scrolling=\"no\" title=\".\"><\/iframe><\/div>\n\n\n\n<p>Dans la vid\u00e9o suivante, tu entends quelle pr\u00e9position il faut prendre avec les moyens de transport.<\/p>\n\n\n\n<div class=\"h5p-iframe-wrapper\"><iframe id=\"h5p-iframe-4\" class=\"h5p-iframe\" data-content-id=\"4\" style=\"height:1px\" src=\"about:blank\" frameBorder=\"0\" scrolling=\"no\" title=\"EN ou \u00c0 comme pr\u00e9po\"><\/iframe><\/div>\n\n\n\n<figure class=\"wp-block-image size-large\"><img loading=\"lazy\" decoding=\"async\" width=\"650\" height=\"40\" src=\"https:\/\/olvafrans.classy.be\/wp-content\/uploads\/2020\/04\/divider-Je-suis-styl\u00e9-2.png\" alt=\"\" class=\"wp-image-68\" srcset=\"https:\/\/olvafrans.classy.be\/wp-content\/uploads\/2020\/04\/divider-Je-suis-styl\u00e9-2.png 650w, https:\/\/olvafrans.classy.be\/wp-content\/uploads\/2020\/04\/divider-Je-suis-styl\u00e9-2-300x18.png 300w\" sizes=\"auto, (max-width: 650px) 100vw, 650px\" \/><\/figure>\n\n\n\n<blockquote class=\"wp-block-quote is-style-large is-layout-flow wp-block-quote-is-layout-flow\"><p>Le <strong>superlatif <\/strong>(de overtreffende trap) et une introduction sur le <strong>comparatif <\/strong>(de vergelijkende trap) &#8211; (20 minutes)<\/p><\/blockquote>\n\n\n\n<figure class=\"wp-block-image size-large\"><img loading=\"lazy\" decoding=\"async\" width=\"850\" height=\"150\" src=\"https:\/\/olvafrans.classy.be\/wp-content\/uploads\/2020\/04\/4.png\" alt=\"\" class=\"wp-image-93\" srcset=\"https:\/\/olvafrans.classy.be\/wp-content\/uploads\/2020\/04\/4.png 850w, https:\/\/olvafrans.classy.be\/wp-content\/uploads\/2020\/04\/4-300x53.png 300w, https:\/\/olvafrans.classy.be\/wp-content\/uploads\/2020\/04\/4-768x136.png 768w\" sizes=\"auto, (max-width: 706px) 89vw, (max-width: 767px) 82vw, 740px\" \/><\/figure>\n\n\n\n<p>Si on parles de moyens de transport, c&#8217;est int\u00e9ressant de pouvoir les comparer. Quel moyen de transport est le plus cher, le moins rapide, aussi dangereux&#8230;? Quel moyen de trensport roule aussi vite que la voiture?<\/p>\n\n\n\n<figure class=\"wp-block-image size-large\"><img loading=\"lazy\" decoding=\"async\" width=\"850\" height=\"150\" src=\"https:\/\/olvafrans.classy.be\/wp-content\/uploads\/2020\/04\/Het-doel_-waar-gaat-dit-uiteindelijk-naartoe_.png\" alt=\"\" class=\"wp-image-95\" srcset=\"https:\/\/olvafrans.classy.be\/wp-content\/uploads\/2020\/04\/Het-doel_-waar-gaat-dit-uiteindelijk-naartoe_.png 850w, https:\/\/olvafrans.classy.be\/wp-content\/uploads\/2020\/04\/Het-doel_-waar-gaat-dit-uiteindelijk-naartoe_-300x53.png 300w, https:\/\/olvafrans.classy.be\/wp-content\/uploads\/2020\/04\/Het-doel_-waar-gaat-dit-uiteindelijk-naartoe_-768x136.png 768w\" sizes=\"auto, (max-width: 706px) 89vw, (max-width: 767px) 82vw, 740px\" \/><\/figure>\n\n\n\n<p>Tu te rappelles (&gt; zich herinneren) le texte sur<strong> les meilleurs<\/strong> parcs d&#8217;attractions?<strong> Les plus grands parcs<\/strong>, <strong>les plus amusants<\/strong>, le parc avec la montagne russe <strong>la plus haute<\/strong> du monde? <\/p>\n\n\n\n<figure class=\"wp-block-image size-large is-resized\"><img loading=\"lazy\" decoding=\"async\" src=\"https:\/\/olvafrans.classy.be\/wp-content\/uploads\/2020\/04\/2020-04-27_22-14-27.png\" alt=\"\" class=\"wp-image-270\" width=\"375\" height=\"436\" srcset=\"https:\/\/olvafrans.classy.be\/wp-content\/uploads\/2020\/04\/2020-04-27_22-14-27.png 772w, https:\/\/olvafrans.classy.be\/wp-content\/uploads\/2020\/04\/2020-04-27_22-14-27-258x300.png 258w, https:\/\/olvafrans.classy.be\/wp-content\/uploads\/2020\/04\/2020-04-27_22-14-27-768x892.png 768w\" sizes=\"auto, (max-width: 375px) 100vw, 375px\" \/><\/figure>\n\n\n\n<p>Eh bien, aujourd&#8217;hui on reprend <strong>le superlatif<\/strong>. <\/p>\n\n\n\n<figure class=\"wp-block-video\"><video controls src=\"https:\/\/olvafrans.classy.be\/wp-content\/uploads\/2020\/04\/2020-04-27_22-50-00.mp4\"><\/video><\/figure>\n\n\n\n<figure class=\"wp-block-image size-large\"><img loading=\"lazy\" decoding=\"async\" width=\"896\" height=\"867\" src=\"https:\/\/olvafrans.classy.be\/wp-content\/uploads\/2020\/04\/2020-04-27_22-21-33.png\" alt=\"\" class=\"wp-image-274\" srcset=\"https:\/\/olvafrans.classy.be\/wp-content\/uploads\/2020\/04\/2020-04-27_22-21-33.png 896w, https:\/\/olvafrans.classy.be\/wp-content\/uploads\/2020\/04\/2020-04-27_22-21-33-300x290.png 300w, https:\/\/olvafrans.classy.be\/wp-content\/uploads\/2020\/04\/2020-04-27_22-21-33-768x743.png 768w\" sizes=\"auto, (max-width: 706px) 89vw, (max-width: 767px) 82vw, 740px\" \/><\/figure>\n\n\n\n<figure class=\"wp-block-image size-large\"><img loading=\"lazy\" decoding=\"async\" width=\"850\" height=\"150\" src=\"https:\/\/olvafrans.classy.be\/wp-content\/uploads\/2020\/04\/2.png\" alt=\"\" class=\"wp-image-101\" srcset=\"https:\/\/olvafrans.classy.be\/wp-content\/uploads\/2020\/04\/2.png 850w, https:\/\/olvafrans.classy.be\/wp-content\/uploads\/2020\/04\/2-300x53.png 300w, https:\/\/olvafrans.classy.be\/wp-content\/uploads\/2020\/04\/2-768x136.png 768w\" sizes=\"auto, (max-width: 706px) 89vw, (max-width: 767px) 82vw, 740px\" \/><\/figure>\n\n\n\n<p>Prends la page 305 et fais l&#8217;exercice n\u00b04 comme sur l&#8217;image. Encercle la bonne r\u00e9ponse.<\/p>\n\n\n\n<figure class=\"wp-block-image size-large is-resized\"><img loading=\"lazy\" decoding=\"async\" src=\"https:\/\/olvafrans.classy.be\/wp-content\/uploads\/2020\/04\/ex4-1024x527.png\" alt=\"\" class=\"wp-image-277\" width=\"894\" height=\"459\" srcset=\"https:\/\/olvafrans.classy.be\/wp-content\/uploads\/2020\/04\/ex4-1024x527.png 1024w, https:\/\/olvafrans.classy.be\/wp-content\/uploads\/2020\/04\/ex4-300x154.png 300w, https:\/\/olvafrans.classy.be\/wp-content\/uploads\/2020\/04\/ex4-768x395.png 768w, https:\/\/olvafrans.classy.be\/wp-content\/uploads\/2020\/04\/ex4-1536x790.png 1536w, https:\/\/olvafrans.classy.be\/wp-content\/uploads\/2020\/04\/ex4-2048x1054.png 2048w\" sizes=\"auto, (max-width: 706px) 89vw, (max-width: 767px) 82vw, 740px\" \/><\/figure>\n\n\n\n<p><strong>Regarde<\/strong> la vid\u00e9o.<\/p>\n\n\n\n<figure class=\"wp-block-video\"><video controls src=\"https:\/\/olvafrans.classy.be\/wp-content\/uploads\/2020\/04\/2020-04-27_23-20-09.mp4\"><\/video><\/figure>\n\n\n\n<p>Puis, quand tu as termin\u00e9 l&#8217;exercice et regard\u00e9 la vid\u00e9o, tu <strong>prends<\/strong> du papier et <strong>\u00e9cris <\/strong>cinq phrases comme sur l&#8217;image.<\/p>\n\n\n\n<p>Puis tu essaies de faire d&#8217;autres phrases. Aussi cinq phrases. <\/p>\n\n\n\n<figure class=\"wp-block-image size-large\"><img loading=\"lazy\" decoding=\"async\" width=\"724\" height=\"1024\" src=\"https:\/\/olvafrans.classy.be\/wp-content\/uploads\/2020\/04\/ex.-4-Cinq-phrases_-p.e._-Le-train-est-le-moyen-de-transport-le-plus-rapide.-.-724x1024.png\" alt=\"\" class=\"wp-image-281\" srcset=\"https:\/\/olvafrans.classy.be\/wp-content\/uploads\/2020\/04\/ex.-4-Cinq-phrases_-p.e._-Le-train-est-le-moyen-de-transport-le-plus-rapide.-.-724x1024.png 724w, https:\/\/olvafrans.classy.be\/wp-content\/uploads\/2020\/04\/ex.-4-Cinq-phrases_-p.e._-Le-train-est-le-moyen-de-transport-le-plus-rapide.-.-212x300.png 212w, https:\/\/olvafrans.classy.be\/wp-content\/uploads\/2020\/04\/ex.-4-Cinq-phrases_-p.e._-Le-train-est-le-moyen-de-transport-le-plus-rapide.-.-768x1086.png 768w, https:\/\/olvafrans.classy.be\/wp-content\/uploads\/2020\/04\/ex.-4-Cinq-phrases_-p.e._-Le-train-est-le-moyen-de-transport-le-plus-rapide.-.-1086x1536.png 1086w, https:\/\/olvafrans.classy.be\/wp-content\/uploads\/2020\/04\/ex.-4-Cinq-phrases_-p.e._-Le-train-est-le-moyen-de-transport-le-plus-rapide.-..png 1414w\" sizes=\"auto, (max-width: 724px) 100vw, 724px\" \/><\/figure>\n\n\n\n<figure class=\"wp-block-image size-large\"><img loading=\"lazy\" decoding=\"async\" width=\"850\" height=\"150\" src=\"https:\/\/olvafrans.classy.be\/wp-content\/uploads\/2020\/04\/Het-doel_-waar-gaat-dit-uiteindelijk-naartoe_-1.png\" alt=\"\" class=\"wp-image-209\" srcset=\"https:\/\/olvafrans.classy.be\/wp-content\/uploads\/2020\/04\/Het-doel_-waar-gaat-dit-uiteindelijk-naartoe_-1.png 850w, https:\/\/olvafrans.classy.be\/wp-content\/uploads\/2020\/04\/Het-doel_-waar-gaat-dit-uiteindelijk-naartoe_-1-300x53.png 300w, https:\/\/olvafrans.classy.be\/wp-content\/uploads\/2020\/04\/Het-doel_-waar-gaat-dit-uiteindelijk-naartoe_-1-768x136.png 768w\" sizes=\"auto, (max-width: 706px) 89vw, (max-width: 767px) 82vw, 740px\" \/><\/figure>\n\n\n\n<p><strong>Deadline<\/strong>: je hebt tot woensdagavond 17u om mij een bericht te sturen met de foto van je blad of je document in Word zoals je hierboven kan zien. Ik zal noteren of je het hebt gemaakt, je krijgt een punt dagelijks werk als je voldoet aan de opdracht.<\/p>\n\n\n\n<p><strong>Mag ik vragen<\/strong> een duidelijke foto te maken, die goed leesbaar is? Zorg ook dat de foto rechtop staat, dan kan ik jou veel sneller feedback geven.<\/p>\n","protected":false},"excerpt":{"rendered":"<p>al wat hieronder staat is nog onder constructie&#8230; welk voorzetsel gebruik je bij welk vervoersmiddel? hoe gebruik je de superlatif (de overtreffende trap) in het Frans? La pr\u00e9position avec les moyens de transport ( max. 20 minutes) Let op, op het eind van deze pagina staat een opdracht die je me voor woensdagavond via Smartschool &hellip; <\/p>\n<p class=\"link-more\"><a href=\"https:\/\/olvafrans.classy.be\/?page_id=239\" class=\"more-link\">Lees verder <span class=\"screen-reader-text\">&#8220;Le\u00e7on n\u00b0 5&#8221;<\/span><\/a><\/p>\n","protected":false},"author":1,"featured_media":0,"parent":0,"menu_order":0,"comment_status":"closed","ping_status":"closed","template":"","meta":{"footnotes":""},"class_list":["post-239","page","type-page","status-publish","hentry"],"_links":{"self":[{"href":"https:\/\/olvafrans.classy.be\/index.php?rest_route=\/wp\/v2\/pages\/239","targetHints":{"allow":["GET"]}}],"collection":[{"href":"https:\/\/olvafrans.classy.be\/index.php?rest_route=\/wp\/v2\/pages"}],"about":[{"href":"https:\/\/olvafrans.classy.be\/index.php?rest_route=\/wp\/v2\/types\/page"}],"author":[{"embeddable":true,"href":"https:\/\/olvafrans.classy.be\/index.php?rest_route=\/wp\/v2\/users\/1"}],"replies":[{"embeddable":true,"href":"https:\/\/olvafrans.classy.be\/index.php?rest_route=%2Fwp%2Fv2%2Fcomments&post=239"}],"version-history":[{"count":28,"href":"https:\/\/olvafrans.classy.be\/index.php?rest_route=\/wp\/v2\/pages\/239\/revisions"}],"predecessor-version":[{"id":309,"href":"https:\/\/olvafrans.classy.be\/index.php?rest_route=\/wp\/v2\/pages\/239\/revisions\/309"}],"wp:attachment":[{"href":"https:\/\/olvafrans.classy.be\/index.php?rest_route=%2Fwp%2Fv2%2Fmedia&parent=239"}],"curies":[{"name":"wp","href":"https:\/\/api.w.org\/{rel}","templated":true}]}}